l**2 - l - 1. Let m be v(4). Let p be 102/m + 6/27. Suppose -h + p*h + 3 = 0. Calculate f(h).
3
Let q be ((-3)/(-5))/(1/5). Suppose -2*y - 3*x - 8 = 0, -5*x - 28 = -q*y - y. Let g(c) = 5*c**y - 4 - 2 - 4*c**2 - 5*c. Determine g(5).
-6
Let y = 54 - 50. Let k(f) = -f**3 + 3*f**2 + 5*f + 3. What is k(y)?
7
Let m(u) = -u**2 - 3*u + 2. Let h = -1 - -3. Suppose s - 6 = -h*s. Suppose 3*a - 16 = s*a - 4*o, 13 = -2*a + o. Determine m(a).
-2
Let z(s) = -s**2 - s. Suppose -4*d = -0*d + i - 2, -4*d = -i + 2. Let h be z(d). Let g(b) = -b - b**3 + 0*b**2 - 5 - 6*b**2 + 4*b**2 + 3*b**2. Determine g(h).
-5
Let g(q) = -3*q**2 - q. Let n be g(1). Let u(h) = -h**2 - 4*h - 2. Determine u(n).
-2
Let j(s) = s**3 + 4*s**2 - 2*s - 3. Suppose 35 = -9*b + 2*b. Give j(b).
-18
Let i(o) = -8*o - 1. Let q(x) = 9*x + 1. Let u(v) = -6*i(v) - 5*q(v). Determine u(1).
4
Let a(g) = g**2 - 6*g - 4. Let f be a(6). Let n be 7/2*(-28)/(-49). Let d(i) = 4*i + 1 + 4*i - 6*i - n + i**2. Determine d(f).
7
Let d(z) = 2*z + 12. Suppose -3*w - 14 = 13. Determine d(w).
-6
Suppose 3*i + 6 = t, 2*i + 3 + 2 = t. Let g(k) = 8*k + 1. Determine g(i).
-7
Let w(m) be the first derivative of 3*m**2/2 + 6*m + 6. What is w(-5)?
-9
Let r(k) = -k**2 + 10*k - 4. Let i be (-15 + 12)/((-1)/3). Calculate r(i).
5
Let w(x) = 3*x**2 + 6*x - 4. Let b be w(-3). Let f(d) = -d**2 + 5*d. What is f(b)?
0
Let d(q) = q - 2*q - 7 + q**2 + 10. What is d(3)?
9
Suppose 0 = -7*w + 3*w. Let x be (0 - -2)*(-1 - w). Let b(r) = -r**2 - 2*r - 2. Determine b(x).
-2
Let z(i) = -5*i - 2. Let n(x) = x**2 - 11*x + 2. Let a be n(11). Let r(m) = a*m - 5*m + m + 3*m - 1. Let h(c) = 3*r(c) + z(c). Give h(-4).
3
Let y(l) = l**3 + 9*l**2 - 12*l - 16. Let q be y(-10). Let z(k) = -2*k**2 + 4*k. Give z(q).
-16
Let m be 114/252 - 6/21. Let q(r) be the second derivative of -r**2 + 1/3*r**4 - m*r**3 + 1/20*r**5 + 0 + 3*r. What is q(-4)?
2
Let p(a) = -a**3 - 5*a**2 - 3*a - 2. Let x(q) = -q**2 - q - 4. Suppose 0 = i - g + 5*g + 20, -2*g = 4*i + 10. Let c be x(i). What is p(c)?
-6
Let r(s) = 7 - 9*s**2 - s - s**3 + 2*s**3 + 4 - 8. Determine r(9).
-6
Suppose -2*n + 3*n - 11 = -3*c, 0 = 3*c + 5*n - 31. Let h be 5 - 2 - -2 - c. Let u(m) = m**2 - 6*m + 1. What is u(h)?
-8
Let v(p) = -2*p - 9. Let o be (-1 - 13)*(-10)/(-20). Determine v(o).
5
Let t(f) = f**2 + 10*f + 8. Suppose -9 - 9 = 3*u. Give t(u).
-16
Let q(i) = -4*i + 9. Let p(d) = -d + 2. Let z(m) = 9*p(m) - 2*q(m). Let v = 2 + 4. Give z(v).
-6
Let u(c) be the third derivative of -c**7/2520 - c**6/180 + c**5/40 + c**4/8 - 3*c**2. Let b(y) be the second derivative of u(y). Calculate b(-4).
3
Let d = 14 + -8. Suppose f + f = d. Suppose 2*g = -9 + f. Let u(l) = -l**3 - 3*l**2 + 1. What is u(g)?
1
Let f(g) = -2*g - 2. Let i be f(-3). Suppose -i*j + 1 = -7. Suppose -3*v - 22 = -j*v + 5*k, v + 4*k = -18. Let q(y) = y + 4. What is q(v)?
2
Let m(g) = g - 7 - g**2 + 5*g + 3 - 2. Suppose 4*c = -4*w + 36, 4*c = 5*w - 6*w + 45. Let k be (c/10)/(3/10). Determine m(k).
2
Let r = -8 + 11. Let i be ((-4)/(-6))/(r/9). Let f(m) be the second derivative of m**3/2 + 14*m. Give f(i).
6
Suppose 4*z + 2*q = 0, 3*q - 2 = -3*z - 8. Let w(t) = -t**2 + t**2 + t**z - 4. Let p be 3*(0 + -1 - 0). Determine w(p).
5
Let g(u) = u + 7. Let h(y) = -y**3 + 10*y**2 - 8*y - 3. Let j be h(9). Let q(d) = d - 6. Let v be q(j). What is g(v)?
7
Let n(i) = 7*i - 1. Let x(m) = 16*m - 3. Let r(j) = 10*n(j) - 4*x(j). Determine r(3).
20
Let f(b) = b**2 + 6*b + 2. Let t = -3 + -1. Give f(t).
-6
Let z(q) = -2*q + 1. Let v(f) = -f. Let t = -3 + 5. Let o(j) = t*z(j) - 3*v(j). What is o(-6)?
8
Let k(t) = -4*t**2 - 2*t - 3. Suppose -d + 6 = 4*q, 2*q - 14 = 3*d - 2*q. Calculate k(d).
-15
Let q = 4 - 7. Let h(f) = 2*f**2 - 4. Let n(b) = -b**2. Let o(c) = q*n(c) - h(c). Determine o(0).
4
Let y(m) = m**2 - m + 7. Let f(u) = -u**2 + u - 6. Let s(t) = -6*f(t) - 5*y(t). Give s(0).
1
Let t(c) = -c**3 + c**2 + c + 2. Let u be t(2). Suppose -4*k - k = 0, 4*n - 5*k = 0. Let l(p) = 3*p + n*p - 6 - 2*p. Determine l(u).
-6
Let o(g) = -g**3 + 5*g - 3. Let v(y) = -y + 10. Let d be v(7). Calculate o(d).
-15
Let z(h) be the second derivative of 11*h**3/6 + h**2 - 4*h. Let k(s) = -12*s - 3. Let i(r) = -5*k(r) - 6*z(r). What is i(2)?
-9
Let h be 4/10 + (-112)/(-70). Let b(r) = -2*r**2 + r**h + 72 - 65 - 5*r. What is b(-5)?
7
Let i(r) = -r - 1. Let j be (-15)/25 + 103/5. Let t = -25 + j. What is i(t)?
4
Let u(g) = g**3 + g**2 - 2*g. Suppose 5*k - 13 = w, -k - 3*k = -5*w - 2. Determine u(w).
8
Suppose 4 = -3*x + x. Let u be (4/3)/((-4)/(-6)). Let l(o) = -o**u - 4 + 2 + 3. Give l(x).
-3
Let h(i) = -i**2 + 6*i + 0 + 3*i**2 - 3*i**2 + 3. Give h(7).
-4
Let l(h) = 13*h**2 - 2*h + 8. Let d(s) = s + 2. Let r be d(2). Let x(c) = 0*c**2 - 4 - r*c**2 + c - 2*c**2 - c**2. Let b(n) = -6*l(n) - 11*x(n). Determine b(0).
-4
Let s(z) be the first derivative of -6*z - 1/4*z**4 + 2*z**3 - 1 + z**2. Calculate s(6).
6
Let z(b) be the second derivative of b**5/20 + 5*b**4/6 + 3*b**3/2 - b**2/2 + 70*b. What is z(-9)?
-1
Suppose -5*m = 3*h - 13, 3*h = 3*m - 1 - 2. Let x(b) = -b**2 - 2 + m + 1. Suppose 0*u + 2*u = 4. Calculate x(u).
-3
Let y be 6/(-7)*84/(-18). Let x(w) = -w**2 + 4*w - 1. What is x(y)?
-1
Let m = -1 + 1. Suppose m*h + 2*h = 4. Let x(y) = -3*y**3 - y**2 + y + 5. Let f(o) = -o**3 - o**2 + o + 2. Let i(g) = 5*f(g) - 2*x(g). Calculate i(h).
2
Let k = 8 + -6. Suppose 0 = 4*f - 2*g - 14, -k*f + 0*f + 8 = -2*g. Let w(v) = 5*v - 5*v - v + f. Give w(4).
-1
Let q(o) = o**2 - 2*o**2 - 2 + 4*o**2 - o + o**3 - 4*o. Calculate q(-4).
2
Suppose 4*a + 2 = 2*a. Let c(m) = -1. Let r(d) = -d**2 + 2*d - 3. Let s be r(2). Let h(i) = -i**2 - i + 3. Let o(k) = a*h(k) + s*c(k). Determine o(-2).
2
Let p = -1 + 3. Let g(w) = -3*w + 3*w**2 - w - 4 - p*w**2. Let d be (-6)/(-9)*12/2. Give g(d).
-4
Let l = -10 - -16. Let t = l + 0. Let q(x) = -x**3 + 7*x**2 - 5*x + 5. Calculate q(t).
11
Let v(w) be the first derivative of -w**4/4 + 7*w**3/3 - 4*w**2 + 6*w - 2. Suppose -313 = 6*l - 349. What is v(l)?
-6
Let n(g) = g**3 + 5*g**2 - 5*g + 1. Suppose 2*s - 6 = 3*s. Determine n(s).
-5
Let q(v) = v**3 + 5*v**2 - 7. Suppose -4 = -3*k - 19. What is q(k)?
-7
Let v(g) = -2*g - 6. Let o be 2 + (-4)/(-3)*-6. Give v(o).
6
Let x(u) = -u**2 - 9*u - 10. Let c be (-46)/6 - 5/15. Give x(c).
-2
Let y(x) = x**3 - 6*x**2 + 5*x - 5. Suppose 0 = -3*v + 8*v - 85. Let b = v + -12. Calculate y(b).
-5
Let v(t) = -7. Let c = -15 - -14. Let l(h) = h + 1. Let x(r) = c*v(r) + 2*l(r). Calculate x(-6).
-3
Let c(q) = 2*q**2 + q - 4. Let l(u) = -6*u**2 - 2*u + 13. Let w(z) = -7*c(z) - 2*l(z). Suppose 0 = 5*j + 5 + 10. What is w(j)?
-7
Let v(r) be the first derivative of -r**2 - 7/3*r**3 + 4 - 9*r + 5/4*r**4. Let u(k) = -k**3 - k. Let z(w) = -6*u(w) - v(w). Give z(-6).
-3
Let o(z) = 4*z + z**2 - z**3 + 4*z**2 - 8*z. Determine o(3).
6
Let p(z) = -2*z - 6 - z + 4*z. Let n = 3 + -3. Determine p(n).
-6
Suppose -k - 15 = -2*s, -4*s + k + 3 = -28. Let c(l) = l - 8. Give c(s).
0
Let i(t) = t**2 - 5*t + 3. Let j be i(3). Let v(c) = -2*c**2 + 2*c - 1. Let p(h) = h**2 - h. Let o(g) = j*v(g) - 4*p(g). Suppose 0 = 6*y - 2*y - 8. Give o(y).
7
Let v(p) = -5*p**2 - 5*p - 3. Let c(q) = -q**2 - q. Let l(b) = -6*c(b) + v(b). Determine l(-3).
3
Let g(r) = 2*r + 4. Let j be (-2)/((-34)/(-10) + -3). What is g(j)?
-6
Suppose -2*k + 3*k = -7. Let z = 1 - k. Suppose -3*m = -z*m - 10. Let w(f) = f**3 + 2*f**2 - f. Calculate w(m).
2
Let w(i) = 2*i**2 - 7*i**2 + 2*i + 1 + 0*i. Determine w(2).
-15
Let p(k) = -k - 1. Suppose -3*x + 5 = -7. Calculate p(x).
-5
Let w(c) = 3*c**2 - 5*c + 1. Let s(z) = 8*z**2 - 14*z + 4. Let g(h) = -4*s(h) + 11*w(h). Let j(y) = 3*y + 1. Let a be j(-2). Determine g(a).
15
Let o = -84 - -88. Let t(j) = -j**3 + 5*j**2 - 5*j - 2. Determine t(o).
-6
Let t(h) = -h - 2. Let p be 22 - (-1 - (3 + -6)). Suppose l + p = -4*l. Determine t(l).
2
Let s(z) = -z**2 - z + 5. Let n be 3 - 1/(-2)*-6. What is s(n)?
5
Let s(q) = -q**2 - q + 1. Let b be s(-3). Let l(h) = h + 1. Let k be l(b). Let z(n) = 2*n + 4. Calculate z(k).
-4
Let w(k) be the first derivative of 7/2*k**2 - 1/3*k**3 - 3*k + 2. Determine w(5).
7
Let q(r) = -r**2 + 2*r + 3. Let a = 9 + -9. Let j(w) = -3*w + 5. Let x be j(a). Give q(x).
-12
Suppose -v + 5*i = -4, 2*v = v + 3*i + 4. Suppose v*o